alculate l(-5).
-24
Let n(i) = 2339*i - 15002. Determine n(6).
-968
Let u(x) = 1569*x + 7852. What is u(-5)?
7
Let i(a) = -298*a + 631. Give i(3).
-263
Let y(w) = 23*w**2 - 302*w + 50. What is y(13)?
11
Let f(d) = -2*d**3 - 44*d**2 + 692*d + 15124. Determine f(-23).
266
Let p(i) = -2*i**2 - 60225*i - 662227. Calculate p(-11).
6
Let i(a) = -8*a**3 - 4*a**2 + 40*a - 3. Determine i(4).
-419
Let h(x) = -32933*x + 230311. Give h(7).
-220
Let u(k) = k**3 - 54*k**2 + 43909*k - 305059. Calculate u(7).
1
Let j(r) = -15*r**2 - 569*r + 15098. Give j(18).
-4
Let w(v) = -25046*v + 1803307. Determine w(72).
-5
Let m(w) = -4948*w + 38765. Determine m(8).
-819
Let x(c) = 73*c + 1328. Give x(-19).
-59
Let x(p) = -6*p**2 - 15017*p - 75020. Calculate x(-5).
-85
Let q(x) = -x**2 + 9476*x + 285170. Calculate q(-30).
-10
Let z(s) = s**3 + 3*s**2 - 22*s - 21. What is z(-11)?
-747
Let r(u) = -3*u**3 - 11*u**2 - 350*u - 1413. Determine r(-4).
3
Let u(c) = -37400*c - 9125603. Determine u(-244).
-3
Let i(s) = 137*s - 1788. Give i(13).
-7
Let s(r) = 4*r**2 - 285*r - 4260. Determine s(84).
24
Let q(w) = -w**3 + 87*w**2 - 1003*w - 7. Give q(12).
-1243
Let j(u) = 6*u**3 - 275*u**2 + 791*u + 182. Give j(3).
242
Let i(x) = 485*x - 14225. Give i(26).
-1615
Let w(o) = 161151*o + 483453. Calculate w(-3).
0
Let g(t) = 8*t**2 + 106*t - 246. What is g(-16)?
106
Let s(p) = -584*p**2 + 3438*p + 280. Calculate s(6).
-116
Let a(i) = -919*i + 65591. Calculate a(69).
2180
Let u(v) = -2*v**3 + 49*v**2 - 205*v + 468. Calculate u(20).
-32
Let d(h) = -62*h**2 + 1180*h - 106. Calculate d(20).
-1306
Let i(o) = 1293*o**2 + 15429*o - 1052. Give i(-12).
-8
Let b(z) = 2*z**3 - 286*z**2 + 740*z + 13986. Determine b(140).
-14
Let u(a) = 2*a**2 + 195*a + 7144. Calculate u(-42).
2482
Let n(w) = -w**2 - 66*w - 905. Determine n(-20).
15
Let b(l) = -l**3 - 324*l**2 - 7476*l + 7059. What is b(-26)?
-13
Let g(v) = 1890*v**2 - 3786*v + 15. What is g(2)?
3
Let o(h) = h**3 + 101*h**2 + 2262*h - 1583. Determine o(-35).
97
Let a(i) = -58*i - 1293. What is a(-44)?
1259
Let w(m) = -422310*m - 10557770. Calculate w(-25).
-20
Let r(s) = 1983*s**2 - 11857*s - 271. Calculate r(6).
-25
Let h(v) = -9*v**2 + 287*v + 8086. What is h(-18)?
4
Let r(b) = -710*b + 77306. Give r(109).
-84
Let c(x) = -495*x + 158044. Give c(318).
634
Let r(q) = 2*q**3 - 4*q**2 + 76*q - 6. What is r(7)?
1016
Let b(v) = -v**2 + 1124560*v - 22490795. What is b(20)?
5
Let j(l) = l**3 + 35*l**2 + 35*l + 37. Give j(-34).
3
Let s(o) = o**2 + 1043*o - 68512. Give s(62).
-2
Let b(t) = -464077*t + 2784507. Give b(6).
45
Let l(y) = -283070*y - 3963008. Calculate l(-14).
-28
Let q(l) = -l**3 - 472*l**2 - 51*l - 24034. Calculate q(-472).
38
Let g(h) = -1743*h + 766. Calculate g(0).
766
Let n(j) = -133*j**3 - 11*j**2 + 16*j + 21. Determine n(-3).
3465
Let q(m) = 27*m**3 + 31*m**2 + 320*m + 287. Calculate q(-1).
-29
Let n(d) = 297*d**2 + 14228*d - 1346. Determine n(-48).
-2
Let w(v) = v**3 + 14*v**2 - 70*v - 1007. Determine w(-12).
121
Let o(d) = 6*d**3 - 9*d**2 - 74*d - 252. Give o(-6).
-1428
Let p(k) = -566*k**2 - 4522*k - 39. Determine p(-8).
-87
Let o(i) = i**3 - 912*i**2 + 136115*i - 2192. Calculate o(724).
-20
Let n(w) = -5*w**2 - 1663*w - 137932. Give n(-158).
2
Let w(y) = y**2 - 11*y - 592. Give w(-18).
-70
Let b(a) = 746*a - 156657. Calculate b(210).
3
Let u(a) = 14939*a - 59756. Determine u(4).
0
Let g(n) = -17*n**3 + 338*n**2 + 65*n - 499. Give g(20).
1
Let b(k) = -954*k + 5642. Determine b(9).
-2944
Let a(f) = 21303*f - 596442. What is a(28)?
42
Let q(w) = -581*w**2 + 268*w + 41. Determine q(1).
-272
Let k(o) = -o**2 - 649*o + 111532. Give k(141).
142
Let h(y) = 634*y - 737. Determine h(2).
531
Let d(y) = 2*y**2 + 209*y + 1503. What is d(-97)?
48
Let y(s) = -s**2 + 29970*s + 569974. Calculate y(-19).
183
Let m(b) = -2*b**2 - 114*b - 1726. Calculate m(0).
-1726
Let g(h) = -7*h**2 + 3701*h - 481861. Calculate g(232).
3
Let l(j) = 66019*j + 5281545. Calculate l(-80).
25
Let g(h) = 403*h + 374. Determine g(6).
2792
Let t(d) = 58*d + 10701. Calculate t(-180).
261
Let a(m) = -11*m**3 - 284*m**2 + 22*m + 85. Determine a(-26).
865
Let l(k) = -k**2 + 4676*k - 1148166. Calculate l(260).
-6
Let b(z) = 2*z**2 + 1300*z - 160276. Give b(106).
-4
Let p(q) = -30045*q - 6. Give p(0).
-6
Let a(y) = y**3 - 55*y**2 - 2329*y - 137. Give a(-28).
3
Let i(c) = -c**3 + 10*c**2 + 216*c + 2283. Determine i(-12).
2859
Let i(p) = 103*p + 1760. What is i(17)?
3511
Let h(f) = -f**3 - 19*f**2 - 1369*f + 2829. Give h(2).
7
Let k(v) = 4439*v + 115535. Calculate k(-26).
121
Let r(q) = q**3 - 14*q**2 + 1883*q - 12908. What is r(7)?
-70
Let l(w) = -7*w**2 + 272*w - 1991. Give l(44).
-3575
Let q(c) = -137*c + 880. Give q(6).
58
Let j(n) = 25*n**2 - 6519*n + 79109. Calculate j(248).
-3
Let u(w) = -444*w**2 - 25306*w + 118. Give u(-57).
4
Let y(h) = -99*h**2 - 281*h + 1057. What is y(4)?
-1651
Let h(n) = n**3 + 279*n**2 - 192*n - 281510. Give h(-276).
10
Let i(c) = 765916*c - 9956935. What is i(13)?
-27
Let h(s) = s**3 - 13*s**2 - 870*s - 331. Determine h(37).
335
Let c(p) = p**3 - 88*p**2 - 1810*p + 165071. Determine c(87).
32
Let n(s) = 7*s**3 - 21*s**2 + 1248*s - 1228. Determine n(1).
6
Let x(o) = -5447*o + 1459786. Give x(268).
-10
Let d(x) = -x**3 - 75*x**2 + 95*x + 17595. Give d(-73).
2
Let x(r) = 10*r**3 - 1979*r**2 - 196*r + 279. Determine x(198).
675
Let w(f) = f**2 + 67*f - 341. Calculate w(-13).
-1043
Let t(n) = 1286663*n + 1286630. What is t(-1)?
-33
Let g(l) = -87360*l + 87320. Calculate g(1).
-40
Let a(p) = -p**3 + 297*p**2 - 16720*p - 110501. Give a(85).
-1
Let k(v) = 4*v**3 + 24*v**2 - 39*v - 126. What is k(-4)?
158
Let l(r) = -5*r**3 - 22*r**2 - 108*r - 399. Determine l(-4).
1
Let n(f) = 88*f**2 - 1557*f - 13320. Calculate n(24).
0
Let o(u) = 24570*u - 15159699. Determine o(617).
-9
Let t(x) = -1679*x + 42433. Give t(25).
458
Let q(r) = 20448*r - 102484. Calculate q(5).
-244
Let n(g) = g**3 - 164*g**2 + 160*g + 13. Give n(163).
-476
Let f(g) = 141*g**2 + 2073*g + 33. What is f(-15)?
663
Let b(c) = 2*c**2 - 80*c + 293. Give b(5).
-57
Let i(y) = y**3 + 27*y**2 - 83*y - 2363. Calculate i(-28).
-823
Let o(m) = 2*m**3 + 21*m**2 + 212*m + 1068. Determine o(-5).
283
Let t(y) = -10*y**2 - 178*y + 135. Determine t(-23).
-1061
Let z(w) = 5*w**2 - 812*w - 9799. Calculate z(-12).
665
Let z(v) = -16884*v - 67578. Give z(-4).
-42
Let u(i) = 3*i**2 - 117*i - 12433. Determine u(-49).
503
Let n(a) = -371*a - 3513. Determine n(-4).
-2029
Let s(f) = 387*f - 28265. Calculate s(73).
-14
Let q(t) = -12*t**2 + 56*t - 226. Determine q(5).
-246
Let f(n) = n**3 + 111*n**2 - 1400*n + 645. Determine f(11).
7
Let o(j) = -7*j**2 + 211*j + 2957. Calculate o(-13).
-969
Let q(u) = -398*u**2 + 4386*u - 116. What is q(11)?
-28
Let k(x) = -211641*x - 1481503. Give k(-7).
-16
Let r(f) = 2*f**3 - 323*f + 1997. Determine r(6).
491
Let f(o) = -15642*o + 108847. Determine f(7).
-647
Let k(q) = 31*q**2 - 80*q - 1363. What is k(-11)?
3268
Let c(v) = v**3 - 108*v**2 + 2230*v + 1601. Give c(29).
-168
Let b(u) = 7*u - 428. Give b(15).
-323
Let h(y) = -10156*y + 20626829. What is h(2031)?
-7
Let n(w) = 1015*w - 15618. What is n(11)?
-4453
Let s(i) = -2*i**3 + 71*i**2 - 40*i + 1352. Determine s(35).
1177
Let q(f) = 10*f**2 + 142*f - 30. What is q(4)?
698
Let g(m) = -4905*m - 176539. Calculate g(-36).
41
Let w(p) = 10207*p + 306202. What is w(-30)?
-8
Let p(m) = -36*m**2 + 269*m + 1062. Determine p(-3).
-69
Let y(b) = 215*b**2 + 42145*b + 851. What is y(-196)?
-129
Let f(p) = -15579*p + 1106108. Determine f(71).
-1
Let n(q) = 3493*q + 216556. Give n(-62).
-10
Let r(q) = 2*q**3 - 16*q**2 + 1150*q - 9242. What is r(8)?
-42
Let i(l) = 6*l**2 - 132*l - 1796. Give i(-11).
382
Let z(d) = 33*d + 1538. Determine z(-54).
-244
Let c(u) = -u**3 - 5*u**2 - 2698*u + 10936. Determine c(4).
0
Let y(w) = w**2 + 15998*w + 255696. Calculate y(-16).
-16
Let l(w) = -2509*w + 712507. Determine l(284).
-49
Let a(w) = -3*w + 1071. Calculate a(11).
1038
Let l(d) = -21836*d - 2926019. What is l(-134)?
5
Let i(q) = q**3 - 146*q**2 - 858*q + 35. Give i(-6).
-289
Let k(q) = 373*q**2 + 12765*q + 2738. Determine k(-34).
-84
Let o(v) = -v**2 + 57*v + 1843. Calculate o(51).
2149
Let t(f) = f**3 - 8*f**2 - 483*f - 47. What is t(26)?
-437
Let v(